me?
True
Suppose -76*p + 43245074 = 82*p. Is p a prime number?
False
Let o = 546 + -554. Let q(m) = -1500*m + 287. Is q(o) a composite number?
True
Suppose 0 = -3*v + 15434 + 16720. Let f = v - -2025. Is f a prime number?
True
Let f(v) = v - 2. Let h be f(4). Suppose -l + 4*s + 26 = 5, 20 = -5*s. Is 4/l*895/h prime?
False
Let n be (-269430)/(-24) + -4 - 1/4. Suppose -4*i = 2*v - n, 3*i = 8*i - v - 14038. Is i prime?
False
Let c(q) = q**3 + q**2 - 7*q + 4. Let k be c(2). Suppose -m - 3*f = -4399, 0 = -k*m + 2*f - 1773 + 10603. Is m a composite number?
True
Suppose y + 4*y = -10. Let t be (15 + -7 - 7)*89/(-1). Is (t + 0)*2/y prime?
True
Let b be 3284/52 + (-4)/26. Suppose -b*m + 58*m + 66235 = 0. Is m composite?
True
Suppose -t + 4 = d - 1, 0 = -d - 5*t + 9. Suppose -m - m + 10 = -q, d*m - 4*q - 28 = 0. Suppose 0 = m*j - 6*j + 3453. Is j a prime number?
True
Let n = -26284 + 606021. Is n a prime number?
True
Let i(b) = -65*b**3 + 2*b**2 + 3*b + 1. Let x = -62 + 23. Let t = 37 + x. Is i(t) a prime number?
True
Suppose 3*k - 67 - 185 = 0. Let n = k - -119. Let u = n + 128. Is u prime?
True
Suppose -7*p + 5*n = -2*p - 294070, -117608 = -2*p - 2*n. Suppose -22*b = -247981 - p. Is b a prime number?
False
Let y = 113989 + 169306. Is y a prime number?
False
Let w(q) = 123*q**3 + 11*q**2 - 68*q + 171. Is w(17) a composite number?
False
Let b(q) be the first derivative of q**4/4 - 8*q**3/3 + 7*q**2/2 + 3*q - 4. Let w be b(7). Is (2 - w - -5513) + 8 + -5 a composite number?
True
Let w(s) be the second derivative of 2453*s**3/6 - 61*s**2 - 8*s + 11. Is w(3) prime?
True
Let l(v) = 521*v - 142. Suppose -3 = 3*x, -3*z + 7*z - 4*x - 40 = 0. Is l(z) composite?
False
Suppose 3*x = 3*s + 90714, 5*s = 2 + 13. Is x composite?
False
Suppose -3*q - 45 = 3*j, -2*q + 5*j = 7 + 2. Let y be 2 - -5 - (4 + -20 + 3). Is (-24296)/y*-3*(-10)/q a composite number?
False
Let l(m) = 172*m**2 - 13*m + 10. Let g = -849 - -846. Is l(g) prime?
True
Suppose 6*a - 96 = 2*a. Suppose 4*q = -3*l + a, -5*l - 16 = -9*l. Suppose t + 470 = q*t. Is t composite?
True
Let w be ((-1710)/(-12) - 0)*14. Suppose w + 1356 = 3*f. Is f composite?
False
Let c be 2*(-3)/2 + (-5 - 39). Let d = 52 + c. Suppose -d*w + 61 = -294. Is w a composite number?
False
Let d(c) = 170*c - 261. Suppose m - 14 - 29 = 3*s, 4*s + 180 = 4*m. Is d(m) a composite number?
False
Let f(o) = 1202*o**2 - 450*o - 3. Is f(-5) composite?
False
Let u(c) be the third derivative of 89*c**5/60 + 5*c**4/6 + 133*c**3/6 - 149*c**2. Is u(-5) a prime number?
False
Let g(d) = 123577*d**3 + 6*d**2 - 5*d - 1. Is g(1) a composite number?
True
Let b be (42/(-8))/(917/(-112) - -8). Suppose -2662 = -b*w + 446. Is w prime?
False
Let j be 21*2/6 + -2. Suppose 4*r = 2*n + 20, -5*r + j + 20 = 2*n. Suppose n = 4*f - 3238 - 1110. Is f a prime number?
True
Suppose 17 = 5*p - 3. Let s(u) = 155*u + 16. Let g be s(p). Suppose -k - 2*n + n = -g, 4*k - 5*n - 2499 = 0. Is k a prime number?
True
Let b = -34 + 42. Suppose 0 = 4*v + 4*s + b, -3*v + 2 = -v - s. Is (1866/8 + 2)*(v - -4) a composite number?
False
Let b(q) be the third derivative of -q**4/24 - 2*q**3/3 + 5*q**2. Let d be b(-12). Is (79/2)/(4/d) composite?
False
Let t be 0*(-2)/((4 - 1) + -5). Suppose t = 7*g - 5*g - 14. Suppose 5*l = g*l - 404. Is l a composite number?
True
Let y be ((-114)/(-133))/((-2)/(-7)). Suppose -y*w + 32306 = -11410. Is (w/(-6))/(6/(-9)) a prime number?
True
Let v = -63 - -62. Let n be (7/14)/(v/(-4*2)). Suppose -371 = -n*u - 0*u + 3*w, u - w = 92. Is u composite?
True
Suppose 4*i = u - 6*u - 7108, i + 5*u + 1777 = 0. Let x = i - -3434. Is x composite?
False
Let p = -2625 - -1314. Let m = -778 - p. Is 3/9 - m/(-3) composite?
True
Suppose -15 = -5*w + 10, 4*a = 2*w + 8934. Let k = a + -497. Is k a prime number?
False
Let w(s) = -343*s - 35. Let o be w(-11). Suppose -19*u + o = -13*u. Let i = -268 + u. Is i a prime number?
False
Suppose 9*u + 0*u - 648 = 0. Let p = u - 39. Is p composite?
True
Suppose 2*p - c + 2 = 0, p - 3*c = -2*c - 3. Is (-1)/p*(35 - 7438) prime?
False
Let f = 251875 + -111524. Is f a prime number?
True
Let t(v) = v**2 + 7*v - 17. Let f(q) = -2*q**2 - 2*q + 12. Suppose 2*a + 4 = 5*p + 3*a, a = 5*p + 4. Let d be f(p). Is t(d) composite?
False
Let v be 1/(-6) + 2612/(-24). Let l = 1150 + v. Is l composite?
True
Suppose 10 = 2*j, 344*b - 349*b + j = -1861980. Is b a prime number?
True
Let q(o) = -350*o + 20. Let y be q(-3). Let n = 2707 - y. Is n a prime number?
True
Suppose -9062 = -2*s + 14036. Suppose 5*c - 7*f = -8*f + s, -2297 = -c + 3*f. Is c a composite number?
False
Suppose 3 = s - 1, 0 = -i - 4*s + 32. Suppose -4*p + 28 = i. Is 1/(p + (-1130)/377) prime?
False
Let a = 19529 - 33370. Let f = -4690 - a. Is f composite?
False
Let b(w) = 21*w**2 - 35*w + 699. Is b(19) a prime number?
False
Let v(n) = -79*n - 11. Let i(l) = -17*l - 7. Let h be i(-5). Suppose 3*d + a = -2*a - h, 3*d - 4*a + 50 = 0. Is v(d) a prime number?
False
Let c = 55 - -333. Suppose -9508 = -8*z + c. Suppose -3*v - 2*m = -m - 1229, z = 3*v + 5*m. Is v a composite number?
False
Suppose -18*d - 2131789 = -6379735. Is d prime?
True
Let q(x) = x**3 + 12*x**2 + 24*x + 53. Let o be q(-9). Is 120/o*11708/6 composite?
False
Let r(q) = -2785*q. Let g(z) = z**2 + 8*z + 5. Let w be g(-4). Let i be 18/(-99) - ((-20)/w - 1). Is r(i) composite?
True
Is (39832488/108)/((-15)/9)*(-20)/8 a prime number?
True
Let k(w) = w**2 - 6*w - 4. Suppose -3*p + 3*h = -0*p - 6, 5*h = -4*p + 53. Let y be k(p). Let b(g) = 52*g + 7. Is b(y) a composite number?
False
Suppose -76*p - 5683373 = -89*p - 979440. Is p composite?
True
Let z = 1228 - 789. Suppose -1341 = -3*a + 3*j, 0*j - 5*j = -a + z. Is a prime?
True
Let m = 363 + -212. Suppose 0 = -3*v + 1106 + 334. Let z = v + m. Is z a composite number?
False
Let l(w) = -17*w + 8. Let j be l(-6). Let p be (-32*9/(-36))/(3*4/774). Let y = j + p. Is y a prime number?
False
Let y be -3 - -6 - (25 - 2). Let w(o) = -o**3 - 21*o**2 - 19*o + 14. Let m be w(y). Is (m/(-3))/((-12)/(-12918)) a prime number?
True
Let m = 519 + -515. Is 142219/119 - m/34 prime?
False
Let n(j) = 11*j**2 - 8*j + 7. Let z be n(1). Suppose -z*u = -16*u - 18. Let w(a) = 216*a**2 + 6*a + 17. Is w(u) a prime number?
False
Let h(n) = n**3 - 62*n**2 - 15*n - 881. Is h(75) prime?
True
Let r(f) be the third derivative of -5/3*f**3 + 0 + 1/10*f**5 - 1/4*f**4 - 3*f**2 + 0*f. Is r(-8) a composite number?
True
Let m(w) = -212*w**3 + 3*w**2 + 3*w + 2. Let a(d) = d**3 - 7*d**2 - d + 5. Let b be a(7). Let j be m(b). Suppose j = 2*f + 6*f. Is f a prime number?
False
Suppose 15*m - 4*m = 77. Let j(o) = 6*o**2 - 20*o + 3. Let t be j(m). Let l = 408 - t. Is l a prime number?
True
Suppose 2 = 2*t + 14, 4*s - 222302 = -t. Is s composite?
True
Suppose 0 = 4*h - 5*x + 724, -3*x + 0*x - 164 = h. Let s = -102 - h. Suppose -y + 3*y - s = 0. Is y a prime number?
True
Let x = -4693 + 31592. Is x a prime number?
False
Let q = 4278 + -2942. Is -41*q/12*3/(-2) composite?
True
Suppose 13056 = -6*b - 22512. Let f = b + 11568. Suppose 69 = 3*u - f. Is u a composite number?
True
Let c(d) = 51220*d**3 + 7*d**2 - 17*d + 29. Is c(2) prime?
False
Let x = -32143 - -309012. Is x a prime number?
True
Suppose 1154703 - 1081916 = 73*z - 5026044. Is z a prime number?
True
Let u(o) = -199*o - 12. Suppose 5*h - g + 28 = 0, 3*g - 29 - 5 = 5*h. Is u(h) a prime number?
True
Suppose 0 = 3*i + 3*p, 0 = -4*i + p + p + 18. Suppose -i*w - 4 = -5*w. Is ((-9208)/16)/(w/(-4)) composite?
False
Is (4/(-8))/((-46)/7712636) a composite number?
False
Suppose 59*t - 585 = 60*t. Let u = 958 - t. Is u a composite number?
False
Let g(d) = d**2 - 2*d - 2. Let q be g(-2). Suppose q = 28*r - 25*r. Suppose -3679 = -r*a + x - 4*x, 0 = 3*a + 5*x - 5516. Is a composite?
False
Let d(y) = 66*y**2 - 3*y - 33. Let s be d(-5). Suppose 0 = -a - 5*l + s, 2*l - 5*l - 3 = 0. Is a a prime number?
True
Let g be (12/10)/(10/50). Let b(z) = z**2 + z. Let m(c) = 97*c**2 - 6*c - 3. Let k(w) = g*b(w) + m(w). Is k(2) a composite number?
False
Suppose 0 = -5*u - u + 44910. Suppose -18*d = -33*d + u. Is d composite?
False
Suppose 23*j = 161, 3*z - 3*j - 20736 - 2101950 = 0. Is z a composite number?
True
Suppose 150*v - 124708510 - 1991342 = -222*v. Is v composite?
False
Let p be (-8 - -2)